 composite number?
False
Is 2243 composite?
False
Is 902729 a prime number?
False
Is 10135 prime?
False
Is 397999 a composite number?
True
Is 7061 a prime number?
False
Is 11003 composite?
False
Is 1843 a composite number?
True
Is 1079 a composite number?
True
Is 601607 composite?
False
Is 25393 a composite number?
True
Is 75731 prime?
True
Is 647 a composite number?
False
Is 799609 a prime number?
True
Is 1537 prime?
False
Is 59767 a prime number?
False
Is 16729 a prime number?
True
Is 547467 a prime number?
False
Is 25417 a prime number?
False
Is 1656517 prime?
True
Is 48715 a prime number?
False
Is 302677 prime?
False
Is 376491 prime?
False
Is 238211 a composite number?
True
Is 20171 a composite number?
True
Is 12788429 prime?
True
Is 80077 prime?
True
Is 367 prime?
True
Is 907 prime?
True
Is 1163 a composite number?
False
Is 587341 prime?
True
Is 133379 a prime number?
True
Is 15971 a prime number?
True
Is 17807 a prime number?
True
Is 156487 composite?
False
Is 31469 a composite number?
False
Is 110681 a composite number?
False
Is 13199 a composite number?
True
Is 22567 composite?
False
Is 917687 composite?
False
Is 34107 a prime number?
False
Is 49253 composite?
False
Is 77601 composite?
True
Is 917753 composite?
False
Is 144301 a composite number?
True
Is 1693 a composite number?
False
Is 334603 a prime number?
True
Is 687 a prime number?
False
Is 177029 prime?
False
Is 25667 a prime number?
True
Is 51383 a prime number?
True
Is 10077 a composite number?
True
Is 8353 composite?
False
Is 129379 composite?
False
Is 11482 a prime number?
False
Is 1095595 composite?
True
Is 3415 a composite number?
True
Is 153817 a prime number?
True
Is 68311 a prime number?
True
Is 2118151 prime?
False
Is 130222 a composite number?
True
Is 19811 prime?
False
Is 380195 prime?
False
Is 40099 composite?
False
Is 976813 a composite number?
True
Is 5737 a prime number?
True
Is 933271 prime?
False
Is 1679261 composite?
False
Is 2921 prime?
False
Is 31663 prime?
True
Is 151549 a prime number?
True
Is 72109 composite?
False
Is 782013 a composite number?
True
Is 28637 a prime number?
False
Is 4751 composite?
False
Is 305267 a prime number?
True
Is 3231187 a prime number?
True
Is 263045 a prime number?
False
Is 13579 composite?
True
Is 24599 prime?
False
Is 3989 composite?
False
Is 14527 prime?
False
Is 78199 a prime number?
False
Is 291 a prime number?
False
Is 234599 a prime number?
True
Is 245237 prime?
False
Is 200701 a composite number?
True
Is 506047 a prime number?
True
Is 62173 a composite number?
True
Is 486971 prime?
True
Is 1329 composite?
True
Is 2983 prime?
False
Is 33923 a prime number?
True
Is 31051 composite?
False
Is 287 a prime number?
False
Is 58363 prime?
True
Is 19937 a prime number?
True
Is 294629 a prime number?
True
Is 367459 composite?
True
Is 760897 composite?
False
Is 20623 prime?
False
Is 18673 a prime number?
False
Is 523129 prime?
True
Is 268773 a composite number?
True
Is 38417 a composite number?
True
Is 31627 a composite number?
False
Is 1095401 a composite number?
False
Is 161033 composite?
False
Is 374541 prime?
False
Is 107437 prime?
False
Is 392279 a composite number?
False
Is 581137 composite?
False
Is 449 a composite number?
False
Is 120353 a composite number?
True
Is 2503 a composite number?
False
Is 478081 a prime number?
False
Is 1543 prime?
True
Is 821189 composite?
True
Is 412717 a prime number?
True
Is 102911 composite?
False
Is 391033 prime?
False
Is 2019 composite?
True
Is 302597 composite?
False
Is 330805 a prime number?
False
Is 159821 a composite number?
True
Is 3657791 prime?
True
Is 23099 prime?
True
Is 2183 a prime number?
False
Is 27941 composite?
False
Is 743357 a composite number?
True
Is 120997 composite?
False
Is 1956567 composite?
True
Is 100787 prime?
True
Is 8308571 prime?
True
Is 242491 a composite number?
False
Is 27969 prime?
False
Is 66979 composite?
True
Is 1563119 a prime number?
True
Is 26407 prime?
True
Is 65947 a prime number?
False
Is 28901 a prime number?
True
Is 20371 a composite number?
True
Is 12079 prime?
False
Is 8069 prime?
True
Is 71011 a composite number?
False
Is 121703 composite?
True
Is 125591 composite?
False
Is 8743 prime?
False
Is 354433 a composite number?
True
Is 8747 prime?
True
Is 8465 a composite number?
True
Is 18782 prime?
False
Is 7939 a composite number?
True
Is 103643 composite?
False
Is 154943 prime?
True
Is 6467 composite?
True
Is 290753 a prime number?
False
Is 17021 composite?
False
Is 5501 a prime number?
True
Is 40693 prime?
True
Is 6119761 prime?
False
Is 809 a prime number?
True
Is 2370085 composite?
True
Is 145753 a composite number?
False
Is 31957 composite?
False
Is 3691 composite?
False
Is 19847 prime?
False
Is 253 a composite number?
True
Is 4661 a prime number?
False
Is 1739 prime?
False
Is 16649 a prime number?
True
Is 6521 a prime number?
True
Is 40231 a composite number?
False
Is 2201441 a composite number?
True
Is 2051 composite?
True
Is 803 composite?
True
Is 2833 a prime number?
True
Is 28201 a composite number?
False
Is 17377 a prime number?
True
Is 178271 composite?
True
Is 287849 a composite number?
False
Is 21133 prime?
False
Is 19181 composite?
False
Is 10249 a composite number?
True
Is 43391 prime?
True
Is 8819 prime?
True
Is 54851 prime?
True
Is 17855 composite?
True
Is 1278109 a prime number?
False
Is 17657 a prime number?
True
Is 70939 prime?
False
Is 40351 composite?
False
Is 1881991 a prime number?
False
Is 242057 composite?
False
Is 8977 a composite number?
True
Is 512698 prime?
False
Is 182863 prime?
False
Is 7115 a composite number?
True
Is 47339 a composite number?
False
Is 487049 a composite number?
False
Is 119069 prime?
True
Is 27509 a composite number?
False
Is 576689 composite?
False
Is 155126 prime?
False
Is 22289 a composite number?
True
Is 18251 composite?
False
Is 367303 a composite number?
True
Is 154897 composite?
False
Is 1448819 composite?
False
Is 6613 prime?
False
Is 591083 a composite number?
True
Is 9935 a composite number?
True
Is 738953 prime?
True
Is 8059 a composite number?
False
Is 552511 composite?
False
Is 294461 a prime number?
True
Is 66211 prime?
False
Is 34421 a composite number?
False
Is 140307 prime?
False
Is 10037 prime?
True
Is 240371 prime?
True
Is 18553 prime?
True
Is 34403 a composite number?
False
Is 865301 a prime number?
True
Is 2359 a composite number?
True
Is 145045 composite?
True
Is 80257 prime?
False
Is 799958 a prime number?
False
Is 10663 composite?
False
Is 10559 composite?
False
Is 169817 composite?
False
Is 365 a composite number?
True
Is 35201 a prime number?
True
Is 171553 composite?
False
Is 54118 composite?
True
Is 531071 composite?
False
Is 191787 a prime number?
False
Is 13945 prime?
False
Is 199273 prime?
False
Is 55411 a composite number?
False
Is 3060205 a prime number?
False
Is 23497 composite?
False
Is 284147 a composite number?
True
Is 612713 composite?
False
Is 9229 composite?
True
Is 1673 prime?
False
Is 1790381 composite?
True
Is 5351 a prime number?
True
Is 5501 a composite number?
False
Is 1657 prime?
True
Is 17257 composite?
False
Is 3707 a prime number?
False
Is 11017 composite?
True
Is 9627 a composite number?
True
Is 215051 a prime number?
True
Is 1934815 a composite number?
True
Is 236931 a composite number?
True
Is 96731 a composite number?
False
Is 23917 composite?
False
Is 10393 prime?
False
Is 4621 composite?
False
Is 80763 a composite number?
True
Is 166457 a prime number?
True
Is 246009 a prime number?
False
Is 24781 a prime number?
True
Is 10473 prime?
False
Is 13669 composite?
False
Is 145499 composite?
True
Is 505787 a prime number?
False
Is 3109 a composite number?
False
Is 485749 a composite number?
True
Is 485161 a prime number?
True
Is 1978267 composite?
False
Is 27473 a prime number?
False
Is 797611 a prime number?
True
Is 138257 a prime number?
False
Is 20159 prime?
False
Is 88087 a prime number?
False
Is 6637 prime?
True
Is 33851 a composite number?
False
Is 14969 composite?
False
Is 9183 a prime number?
False
Is 50441 a prime number?
True
Is 59743 prime?
True
Is 8106583 a composite number?
False
Is 4195 a composite number?
True
Is 1432177 prime?
True
Is 3937 a prime number?
False
Is 333979 a prime number?
False
Is 2368153 a composite number?
False